-20)?
10
Let x(z) = 54*z. Calculate x(1).
54
Let v(g) = 9*g - 1. Give v(-1).
-10
Let i(w) = -110*w + 331. What is i(3)?
1
Let u(x) = -2*x**2 + 2*x + 1. What is u(3)?
-11
Let a(y) = 4*y - 3. Calculate a(4).
13
Let q(x) = -12*x + 61. Calculate q(6).
-11
Let g(q) = 2*q**2 - 13*q - 3. Give g(6).
-9
Let q(w) = 4*w - 5. Give q(-14).
-61
Let c(r) = r**3 + 6*r**2 + 4*r - 7. Give c(-5).
-2
Let i(l) = -l**3 - 16*l**2 + 18*l + 23. Give i(-17).
6
Let j(r) = -r**2 + 34*r - 61. Give j(31).
32
Let m(b) = -11*b - 12. What is m(-1)?
-1
Let r(x) = -x**2 + 12*x - 35. Determine r(8).
-3
Let t(s) = s + 9. What is t(-10)?
-1
Let u(s) = s**2 - 7*s + 8. Give u(6).
2
Let b(r) = r**3 + r**2 - r - 3. What is b(3)?
30
Let o(r) = -r**3 - 2*r**2 + 81*r + 17. What is o(-10)?
7
Let r(o) = 10*o**2 + 1. Give r(-1).
11
Let x(u) = 2*u + 9. Calculate x(-7).
-5
Let h(q) = 2*q**3 + 4*q**2 - 8*q - 3. What is h(-3)?
3
Let d(z) = -z**3 - 10*z**2 - 3*z + 52. Calculate d(-9).
-2
Let l(q) = -18*q - 1. Give l(-1).
17
Let s(n) = n**3 + 11*n**2 + 13*n - 3. Determine s(-10).
-33
Let j(w) = -10*w + 37. What is j(4)?
-3
Let u(r) = -32*r + 5. Determine u(1).
-27
Let a(i) = i**3 - 11*i**2 + 14*i + 1. Calculate a(10).
41
Let i(v) = -5*v**2 + v + 3. Determine i(3).
-39
Let q(o) = o**2 - 31*o + 157. Give q(25).
7
Let k(t) = t**2 + 15*t + 16. Calculate k(-14).
2
Let g(p) = -16*p + 131. Give g(11).
-45
Let d(h) = -7*h - 1. What is d(-5)?
34
Let n(u) = u**2 - 6*u - 26. Determine n(12).
46
Let u(s) = -12*s**2 + 3*s + 2. Calculate u(-1).
-13
Let f(s) = -s**3 - 6*s**2 + s - 23. What is f(-7)?
19
Let b(j) = 9*j - 45. Determine b(5).
0
Let x(o) = o + 5. Give x(9).
14
Let d(b) = 3*b - 6. Calculate d(3).
3
Let a(f) = 4*f + 178. Give a(-43).
6
Let j(n) = 2*n - 25. Give j(-4).
-33
Let u(h) = 3*h - 1. Calculate u(-7).
-22
Let s(i) = i**3 + 8*i**2 + 10. Determine s(-8).
10
Let v(k) = k**3 - 9*k**2 + 9*k - 5. Give v(8).
3
Let y(t) = 3*t - 7. What is y(4)?
5
Let m(z) = 26*z**2 + 2*z + 1. Determine m(-1).
25
Let u(h) = h**3 - 16*h**2 - 19*h + 42. Determine u(17).
8
Let x(l) = l**3 + 5*l**2 - 5*l + 4. Determine x(-6).
-2
Let p(v) = v**3 - 7*v**2 + 9*v + 2. What is p(3)?
-7
Let w(p) = -p**3 + 3*p**2 + 4*p + 2. What is w(5)?
-28
Let t(k) = -8*k**2 + 1. Calculate t(-1).
-7
Let q(w) = -w**2 - 10*w - 12. Determine q(-10).
-12
Let u(k) = k**2 + 21*k + 32. What is u(-19)?
-6
Let z(n) = -9*n + 51. Calculate z(6).
-3
Let s(z) = 42*z**3 + z**2 - 1. Calculate s(1).
42
Let q(y) = -50*y + 249. Calculate q(5).
-1
Let w(n) = -3*n + 16. Give w(-11).
49
Let l(g) = -g**2 - 11*g + 27. Determine l(-13).
1
Let z(y) = -y**3 - 4*y**2 - y + 5. Determine z(-4).
9
Let m(i) = -i**2 + 2*i + 7. Calculate m(5).
-8
Let c(h) = 15*h + 10. Give c(-4).
-50
Let v(r) = -7*r - 322. Determine v(-47).
7
Let g(l) = l**3 + 7*l**2 + 3*l - 2. Calculate g(-7).
-23
Let u(v) = -3*v + 56. Determine u(20).
-4
Let f(y) = -y**2 - y + 5. Determine f(-4).
-7
Let c(m) = m - 10. Determine c(7).
-3
Let u(j) = 4*j - 4. Calculate u(-7).
-32
Let q(m) = 3*m + 21. Give q(-7).
0
Let n(l) = -11*l + 29. What is n(3)?
-4
Let z(d) = -7*d - 113. Determine z(-17).
6
Let t(s) = s**3 + 18*s**2 - 18*s + 31. Determine t(-19).
12
Let s(g) = -g + 80. Determine s(0).
80
Let f(a) = -2*a**3 - 3*a**2 + 5*a - 3. What is f(1)?
-3
Let n(v) = v**3 - 15*v**2 + 16*v + 1. Give n(14).
29
Let j(o) = o**2 - 4*o - 10. Give j(-3).
11
Let o(n) = -n**2 + 19*n + 8. Calculate o(20).
-12
Let c(f) = 38*f + 1. Give c(-1).
-37
Let y(x) = 3*x**2 + 7*x + 8. Give y(-4).
28
Let l(q) = -20*q. What is l(-3)?
60
Let q(j) = 3*j + 66. What is q(-13)?
27
Let d(c) = -c**2 + 7*c - 7. Calculate d(5).
3
Let w(r) = -r**3 - 8*r**2 + 10*r + 18. Calculate w(-9).
9
Let f(t) = 3*t + 27. Give f(-10).
-3
Let x(n) = n**2 + 7*n - 1. Calculate x(-6).
-7
Let t(x) = -2*x + 3. Give t(3).
-3
Let j(n) = 23*n - 212. Give j(9).
-5
Let m(v) = 9*v - 1. What is m(3)?
26
Let m(h) = h + 19. Determine m(-7).
12
Let b(p) = 10*p - 50. What is b(3)?
-20
Let s(c) = -4*c - 40. Determine s(-9).
-4
Let u(v) = -v**2 - v. What is u(-3)?
-6
Let l(z) = 11*z + 16. What is l(-12)?
-116
Let x(t) = -t**3 - 3*t**2 - t + 1. Calculate x(-2).
-1
Let p(u) = 7*u + 161. Determine p(-22).
7
Let j(k) = -k**3 + 3*k**2 + 4*k - 3. Determine j(3).
9
Let s(l) = -l**3 + 6*l**2 + 5*l - 7. Determine s(5).
43
Let w(s) = -s**3 - 24*s**2 + 51*s - 16. Give w(-26).
10
Let n(w) = w**2 + 13*w - 314. What is n(-25)?
-14
Let o(r) = 125*r**3 + 3*r**2 + 4*r + 2. Calculate o(-1).
-124
Let b(u) = 9*u - 150. Calculate b(16).
-6
Let l(f) = 4*f + 4. Give l(-3).
-8
Let u(p) = 37*p - 1. Calculate u(-1).
-38
Let w(x) = x**2 + 6*x - 3. Determine w(-8).
13
Let x(m) = m + 19. Calculate x(-13).
6
Let v(r) = 7*r**2 - 3*r + 4. What is v(2)?
26
Let t(c) = -c + 11. What is t(4)?
7
Let i(d) = -49*d + 3. Give i(-1).
52
Let h(r) = -r**2 + 12*r + 7. Give h(10).
27
Let k(r) = -r**3 + 11*r**2 - r + 2. What is k(11)?
-9
Let q(c) = -c**2 - 14*c - 14. Determine q(-13).
-1
Let u(o) = -25*o**2 + 127*o - 14. Determine u(5).
-4
Let b(s) = -4*s + 23. Determine b(7).
-5
Let v(q) = 6*q + 24. Calculate v(-7).
-18
Let i(w) = -14*w + 37. Give i(4).
-19
Let q(p) = p**2 + 10*p - 15. Give q(-11).
-4
Let c(s) = 2*s**3 - s**2 - 4*s + 5. What is c(2)?
9
Let w(q) = -q**3 - 4*q**2 + 2*q - 21. Determine w(-5).
-6
Let u(f) = -f**2 - f. Give u(3).
-12
Let g(k) = -6*k**2 + 19*k - 5. Give g(4).
-25
Let w(b) = 6*b**2 + 14*b + 20. Determine w(-4).
60
Let d(c) = c**3 + 11*c**2 - 15*c - 8. Calculate d(-12).
28
Let j(i) = -4*i - 6. Determine j(-4).
10
Let p(n) = n**3 + 5*n**2 + 3*n - 1. Give p(-4).
3
Let a(j) = -3*j + 45. Determine a(16).
-3
Let g(b) = 7*b - 13. Calculate g(-9).
-76
Let q(f) = 61*f + 491. Give q(-8).
3
Let a(w) = -2*w**2 - 15*w - 11. Give a(-7).
-4
Let w(o) = -23*o**3 - o + 2. Determine w(1).
-22
Let f(w) = -w**3 + w**2 - w - 20. What is f(0)?
-20
Let w(v) = 5*v**2 - 4*v - 4. Calculate w(-2).
24
Let b(a) = -a**2 - 5*a + 32. Give b(4).
-4
Let k(w) = w**3 - 8*w**2 - 12*w + 11. Give k(9).
-16
Let h(o) = o - 29. What is h(0)?
-29
Let u(y) = -y**3 + 8*y**2 - 5*y + 5. Determine u(4).
49
Let m(x) = 2*x**2 - x - 3. Determine m(-2).
7
Let v(z) = -z**2 + 5*z - 8. What is v(6)?
-14
Let l(y) = -215*y - 1070. Determine l(-5).
5
Let n(d) = -d - 11. Give n(6).
-17
Let l(w) = w**3 + 8*w**2 - 4*w + 3. Calculate l(-9).
-42
Let t(j) = j**2 + 2*j - 9. Give t(5).
26
Let u(s) = 2*s**2 + 6*s + 6. Determine u(-5).
26
Let h(s) = -s**2 + s + 15. Give h(-6).
-27
Let v(p) = 2*p**2 + 38*p + 12. What is v(-21)?
96
Let l(t) = -23*t**3 - 2*t**2 + t. Calculate l(1).
-24
Let z(n) = -20*n - 92. Determine z(-4).
-12
Let m(k) = -4*k**3 - 2*k - 1. Give m(-1).
5
Let z(q) = -5*q + 7. What is z(-4)?
27
Let j(i) = i**3 - 26*i**2 + i - 21. Calculate j(26).
5
Let h(a) = 118*a**2 + 6*a - 6. Calculate h(1).
118
Let l(k) = -14*k**2 + 4*k - 3. Determine l(2).
-51
Let c(x) = x**3 + 23*x**2 + 77*x - 2. Give c(-19).
-21
Let y(b) = -3*b**2 - 25*b - 27. What is y(-7)?
1
Let r(d) = d**2 + 14*d - 9. What is r(-12)?
-33
Let s(w) = -8*w + 6. Give s(0).
6
Let m(c) = -29*c + 17. Determine m(3).
-70
Let g(c) = -c**3 - 10*c**2 - 13*c - 6. Determine g(-5).
-66
Let d(x) = 2*x**3 - 33*x**2 + 19*x - 11. Determine d(16).
37
Let v(a) = 2*a**3 - 2*a**2 + a + 1. Give v(-2).
-25
Let k(d) = -d**2 - 5*d + 5. What is k(-5)?
5
Let w(l) = 18*l**2 + 1. Determine w(-1).
19
Let p(g) = 4*g**2 + 124*g + 7. Give p(-31).
7
Let d(j) = -5*j - 2. Determine d(5).
-27
Let f(b) = b**3 - 6*b**2 - b + 10. Determine f(6).
4
Let g(b) = b**2 + 9*b - 9. Determine g(-7).
-23
Let s(h) = -h**2 - 13*h - 19. Calculate s(-9).
17
Let z(m) = 3*m**2 - 21*m - 5. What is z(7)?
-5
Let h(m) = -2*m**3 - 2*m**2 + 9*m + 5. Determine h(-3).
14
Let k(g) = 2*g**2 + 13*g + 25. What is k(-6)?
19
Let o(l) = l**2 - 4*l - 12. Give o(-3).
9
Let m(c) = 17*c - 6. What is m(3)?
45
Let m(a) = -3*a**3 - a**2 + 2*a - 2. What is m(2)?
-26
Let u(w) = -w - 14. Determine u(-18).
4
Let f(c) = -2*c - 30. What is f(-17)?
4
Let l(i) = 13*i - 1. Calculate l(0).
-1
Let o(b) = 6*b**2 + 7*b + 2. What is o(-4)?
70
Let m(t) = 5*t. What is m(0)?
0
Let y(f) = -4*f + 3. Give y(5).
-17
Let q(s) = s**3 + 8*s**2 + 5*s - 13. Calculate q(-7).
1
Let y(j) = j + 10. Calculate y(11).
21
Let o(n) = n - 4. Calculate o(-6).
-10
Let l(v) = v**3 - 15*v**2 - 9*v + 27. Determi